 Suppose 3*c = -q*j + 1285, -j - 3*j + 1026 = 2*c. List the prime factors of j.
2, 127
Let o be (-3378)/(-4) - (-12)/24. Suppose 22*i - o = 17*i. List the prime factors of i.
13
Let s = -38 - -44. Let u(w) = -w**3 + 7*w**2 + 4. Let q be u(7). Suppose q*a - 6 = s. List the prime factors of a.
3
Suppose -29186 = -55*g + 7499. What are the prime factors of g?
23, 29
Let f(i) be the first derivative of i**4/4 - 2*i**3 + 2*i**2 - 7*i - 2. Let t = 47 - 41. What are the prime factors of f(t)?
17
List the prime factors of (1236/(-30) + -4 - -2)*-5.
2, 3
Let x be (7/(-2) - -2)*1040/39. What are the prime factors of 4272/x*5/(-2)?
3, 89
List the prime factors of (-3 + 4)*6 - -631.
7, 13
Suppose 165 = 10*a + 5. What are the prime factors of (a/28)/((-2)/(-7))?
2
Suppose -2*g = -4*g + 18. Let a = g - 9. Suppose -2*y + 36 = -a*y. List the prime factors of y.
2, 3
Suppose 4*h = -m + 2075 + 665, 4*m = 4*h + 11060. What are the prime factors of m?
2, 3, 5, 23
Let y = 18 + -19. Let u be (-9 - (-4 - 0))*y. Suppose -3*c + 35 = u*d - 29, 12 = 4*c. What are the prime factors of d?
11
Suppose 110 = -4*z + 3*g, 5*z - 2*g + 134 = -0*g. Suppose -4 = -0*h + 2*h. List the prime factors of (z - h)*3/(-6).
2, 3
Let s(m) = -7*m**2 - m - 1. Let i = 0 + 5. Let l(v) = 10*v**2 + v + 1. Let n(q) = i*l(q) + 7*s(q). What are the prime factors of n(4)?
2, 3
Suppose 12*d - 17*d + 10 = 0. Suppose -5*l - 92 = -2*k, d*l = 2*k + 4*l - 106. List the prime factors of k.
3, 17
Let k(s) = s**2. Let u(h) = -4*h**2 - 7*h - 9. Let o(n) = 3*k(n) + u(n). Let r be o(-4). What are the prime factors of (-1)/(470/(-155) + r)?
31
Suppose 708 = 4*g - g. Let d = 346 - g. List the prime factors of d.
2, 5, 11
Let b be 1 + (1/(-1) - -2). Let g = 305 + -271. List the prime factors of b*(-3)/6 + g.
3, 11
Let a(q) = 18*q - 170 - 168 + 358 + 18*q. What are the prime factors of a(4)?
2, 41
Let c(h) = 13*h + 11. Let n be c(8). Let i be 8/2 + 1 + -3. Suppose 2*k = -i*k + 5*w + n, 3*w - 15 = 0. What are the prime factors of k?
5, 7
Let f(l) = 6*l**2 + 5*l - 5. Let q be f(2). Suppose -p - 16 = -4*r, 3*r + 3*p = -2 + q. What are the prime factors of r?
5
Let c(j) = -j**3 + 9*j**2 - 4*j - 1. Let v be c(9). Suppose 2*a = -5*p - 270, 280 = -7*p + 2*p - 4*a. Let b = v - p. List the prime factors of b.
3, 5
Let q(i) = i**2 + 3*i - 7. Suppose 13 = -2*d + 3. Let c be q(d). Suppose c*g = g + 78. What are the prime factors of g?
3, 13
Let q(k) be the first derivative of k**3 - 13*k**2 - 15*k - 16. List the prime factors of q(12).
3, 5, 7
Let h(x) = 990*x**2 + 56*x - 55. What are the prime factors of h(1)?
991
Suppose 3*f - 4*o + 1626 = 4449, 0 = f + 4*o - 925. List the prime factors of f.
937
Let m(h) = h**3 - 6*h**2 + h + 4. Let l be m(6). Suppose 17*n - 2156 = l*n. List the prime factors of n.
2, 7, 11
Suppose 0 = -2*k + d + 3 + 7, 0 = -5*k + 3*d + 26. Let x be 4 + (-8)/k - -2. What are the prime factors of x/(-14) + (-312)/(-14)?
2, 11
Let s(m) = 16*m**2 + 24*m - 158. What are the prime factors of s(10)?
2, 29
Suppose 10072 - 32 = 8*c. What are the prime factors of c?
5, 251
Let s = 151 - 108. Let a = s + -29. What are the prime factors of 3/(1 + (-12)/a)?
3, 7
Suppose -4*k + 2*k - 76 = -3*n, 3*n + 5*k = 62. Let f = n + 26. What are the prime factors of f?
2, 5
Let u be 9/15 - 114/(-10). Suppose -5*l + 3*l + 3*o + u = 0, l + 5*o = 32. Suppose -9 = -13*m + l*m. List the prime factors of m.
3
Suppose 0 = -4*a + 1831 - 623. List the prime factors of a.
2, 151
Let a(i) = -7*i + 1. Let p be a(2). Let c be 0 + 2 + p + 14. Suppose 0 = c*y + 30 - 168. List the prime factors of y.
2, 23
Let l = 38 + -33. Suppose -4*p = -4*i + l*i - 482, 478 = 4*p - i. List the prime factors of p.
2, 3, 5
Let c = 1072 + -341. List the prime factors of c.
17, 43
Suppose -7*a + 2*a + 720 = 0. Let h = a - 79. What are the prime factors of h?
5, 13
What are the prime factors of 11904/8 + (-4)/(-4)?
1489
Let x be 1/4 + (-4540)/(-16). Suppose m = x - 74. List the prime factors of m.
2, 3, 5, 7
Suppose 178 + 107 = 3*b. Let d = -51 + b. List the prime factors of d.
2, 11
Suppose 0*s + 2*s = 4*c - 22, -24 = -4*c + 4*s. Suppose 394 = c*r - 2*b, 4*r = -r + b + 392. What are the prime factors of r?
2, 3, 13
Let s(j) = j**2 + 9*j + 4. Let o be s(-8). Let v = 7 + o. Suppose -v*r + 15 + 50 = 5*x, -4*x + 4*r = -84. What are the prime factors of x?
2
Let s = 158 - 137. Let t be 0 - 1/(3/(-12)). Let q = t + s. What are the prime factors of q?
5
Suppose -1166 - 7362 = -52*q. What are the prime factors of q?
2, 41
Let n(g) = -g**3 - 12*g**2 + 7*g - 11. Let v be n(-10). Let u = -170 - v. What are the prime factors of u?
3, 37
Suppose 4*q = 4*o - o - 58, -8 = -4*q. Let s(x) = 14*x**2 - 6*x - 2. Let b be s(-5). List the prime factors of b/o + (-8)/44.
17
Suppose -w = -3*w + 8. Suppose o - w = -0*o. Suppose -l = 2*h - 0*h + 5, 0 = o*l + 4*h. List the prime factors of l.
5
List the prime factors of (-1)/((12/(-2559))/4).
853
Let r(f) = -f**3 + 4*f**2 - 2*f + 4. Let m be r(2). List the prime factors of (-2)/3*(-1452)/m.
11
Suppose -2*q - 1606 = -2*j - 0*q, -4*j - q + 3227 = 0. List the prime factors of j.
2, 13, 31
Let p = -7 - -12. What are the prime factors of p?
5
Let f = -116 - -39. Let y = -42 - f. List the prime factors of y.
5, 7
Let s = -353 + 804. What are the prime factors of s?
11, 41
Let j(d) = 12*d**2 + 24*d - 3. What are the prime factors of j(3)?
3, 59
Let j(y) = 6*y**3 + 5*y**2 + 12*y - 55. List the prime factors of j(4).
457
Suppose 2*n + 2*c - 14 = 0, 0 = -2*n + 4*c - 0*c - 10. Suppose 2*w - 78 - 45 = -5*b, 5*b - 128 = n*w. Let l = b + -12. What are the prime factors of l?
13
Let q(o) = o**3 + o**2 + o - 39. Let d be q(0). Let j = -152 - -82. Let k = d - j. What are the prime factors of k?
31
Suppose 4*v + v - 3*x = 2342, -5*x + 912 = 2*v. Suppose 8*f - 710 = v. What are the prime factors of f?
3, 7
Let s(p) = 4*p**2 + 10*p + 24. Let y be s(-4). List the prime factors of (-6315)/(-25) - (2 + y/(-20)).
11, 23
Suppose 16 = a - 25. Suppose q - 39 = 2*w, 3*w + 5*q + 24 = -a. List the prime factors of w/(-1)*(3 + -2).
2, 5
Let v(i) = -i**3 + 3*i**2 - i - 1. Let k be v(2). List the prime factors of -1 - k/(-3)*0 - -42.
41
Let y(j) = j**2 + 13. Let s be y(0). Let p(a) = s*a**2 - 3*a - a + 31 - 29. List the prime factors of p(2).
2, 23
Suppose 4*l - 5*u - 1569 = 0, -1549 = -4*l + 3*u - 2*u. List the prime factors of l.
2, 193
Let n(j) = 8*j + 33. Let o(w) = 12*w + 49. Let i(c) = 8*n(c) - 5*o(c). Let m be i(14). Suppose 0 = -2*h + 41 + m. What are the prime factors of h?
2, 29
Let i(s) = -1800*s - 56. List the prime factors of i(-2).
2, 443
Let n(j) = -j**2 + 16*j + 84. What are the prime factors of n(16)?
2, 3, 7
Let r(j) = -j**3 + 15*j**2 + 2*j - 33. Let v be r(15). List the prime factors of v + 2 + (12 - -153).
2, 41
Let o be 4 + 3 + (-50)/(-1). Suppose 0 = -w + o + 85. What are the prime factors of w?
2, 71
Let y be (-4 - -1) + 1 + 17. Suppose -7*g + 6*g - 17 = 0. Let s = y - g. List the prime factors of s.
2
Suppose h - 9 + 29 = 0. Let x = h + 42. Suppose -2*j = -x - 20. List the prime factors of j.
3, 7
Let k = -22 - -23. What are the prime factors of k/(-1 - 124/(-120))?
2, 3, 5
Suppose 0 = -110*u + 16*u + 371864. What are the prime factors of u?
2, 23, 43
Let m = 579 + -86. Suppose -5*f + 1498 = m. What are the prime factors of f?
3, 67
Let l = 37 - 32. Suppose 5*s - l*p = 235, 10 = p - 3*p. What are the prime factors of s?
2, 3, 7
Suppose 5*y = d - 0*y - 607, 2*y = 5*d - 3150. List the prime factors of d.
2, 79
Suppose -k - 3 = -4. Suppose 2*p + 20 = 4*h, 5*p = -4*h + k + 19. Suppose h*t = -b + 10 + 12, t - 8 = -2*b. List the prime factors of b.
2
Let o be 2/8 - 295/(-20). List the prime factors of (6/(-4))/(o/(-400)).
2, 5
Let o be 4 + 7/(28/8). Let b(x) = 14*x + 6. Let s(r) = -13*r - 5. Let t(c) = o*b(c) + 7*s(c). What are the prime factors of t(-1)?
2
Let b = 9 + 7. Let u = 21 - b. Suppose 0 = u*w - 23 - 27. List the prime factors of w.
2, 5
Let s be 12/4 + 3 + -3. Suppose 8*o - 5*o + s = 0. What are the prime factors of o/2*(11 + -45)?
17
Suppose 0 = 2*f + 3*f + 2*k - 13, 2*f = 3*k + 9. Suppose -4*m = b - 322, -b - 234 = -f*m + 2*b. What are the prime factors of m?
2, 5
Suppose 12*i - 20192 = -4*i. List the prime factors of i.
2, 631
Let y be (